{"id":4369,"date":"2025-01-22T22:03:05","date_gmt":"2025-01-23T02:03:05","guid":{"rendered":"https:\/\/www.fundacion-profin.org\/?page_id=4369"},"modified":"2025-01-22T22:05:55","modified_gmt":"2025-01-23T02:05:55","slug":"savings-and-credit-groups","status":"publish","type":"page","link":"https:\/\/www.fundacion-profin.org\/en\/savings-and-credit-groups\/","title":{"rendered":"Savings and Credit Groups"},"content":{"rendered":"<div data-elementor-type=\"wp-page\" data-elementor-id=\"4369\" class=\"elementor elementor-4369\">\n\t\t\t\t\t\t<section class=\"elementor-section elementor-top-section elementor-element elementor-element-d792fcd elementor-section-boxed elementor-section-height-default elementor-section-height-default\" data-id=\"d792fcd\" data-element_type=\"section\">\n\t\t\t\t\t\t<div class=\"elementor-container elementor-column-gap-no\">\n\t\t\t\t\t<div class=\"elementor-column elementor-col-100 elementor-top-column elementor-element elementor-element-0135cc8\" data-id=\"0135cc8\" data-element_type=\"column\">\n\t\t\t<div class=\"elementor-widget-wrap elementor-element-populated\">\n\t\t\t\t\t\t<div class=\"elementor-section elementor-inner-section elementor-element elementor-element-c137562 elementor-section-boxed elementor-section-height-default elementor-section-height-default\" data-id=\"c137562\" data-element_type=\"section\">\n\t\t\t\t\t\t<div class=\"elementor-container elementor-column-gap-no\">\n\t\t\t\t\t<div class=\"elementor-column elementor-col-100 elementor-inner-column elementor-element elementor-element-fbfa436\" data-id=\"fbfa436\" data-element_type=\"column\">\n\t\t\t<div class=\"elementor-widget-wrap elementor-element-populated\">\n\t\t\t\t\t\t<div class=\"elementor-element elementor-element-1c97267 elementor-widget elementor-widget-text-editor\" data-id=\"1c97267\" data-element_type=\"widget\" data-widget_type=\"text-editor.default\">\n\t\t\t\t<div class=\"elementor-widget-container\">\n\t\t\t\t\t\t\t\t\tEs un Programa de Alfabetizaci\u00f3n Digital y  Empoderamiento Econ\u00f3mico de Mujeres que se implementa a trav\u00e9s de la plataforma elearning de aprendizaje.\t\t\t\t\t\t\t\t<\/div>\n\t\t\t\t<\/div>\n\t\t\t\t\t<\/div>\n\t\t<\/div>\n\t\t\t\t\t<\/div>\n\t\t<\/div>\n\t\t\t\t\t<\/div>\n\t\t<\/div>\n\t\t\t\t\t<\/div>\n\t\t<\/section>\n\t\t\t\t<section class=\"elementor-section elementor-top-section elementor-element elementor-element-f1c3417 elementor-section-boxed elementor-section-height-default elementor-section-height-default\" data-id=\"f1c3417\" data-element_type=\"section\" data-settings=\"{&quot;background_background&quot;:&quot;classic&quot;}\">\n\t\t\t\t\t\t<div class=\"elementor-container elementor-column-gap-no\">\n\t\t\t\t\t<div class=\"elementor-column elementor-col-50 elementor-top-column elementor-element elementor-element-b0e3c09\" data-id=\"b0e3c09\" data-element_type=\"column\">\n\t\t\t<div class=\"elementor-widget-wrap elementor-element-populated\">\n\t\t\t\t\t\t<div class=\"elementor-element elementor-element-64c5b8b elementor-widget__width-auto elementor-widget-tablet__width-initial e-transform elementor-widget elementor-widget-image\" data-id=\"64c5b8b\" data-element_type=\"widget\" data-settings=\"{&quot;_transform_scale_effect&quot;:{&quot;unit&quot;:&quot;px&quot;,&quot;size&quot;:&quot;&quot;,&quot;sizes&quot;:[]},&quot;_transform_scale_effect_tablet&quot;:{&quot;unit&quot;:&quot;px&quot;,&quot;size&quot;:&quot;&quot;,&quot;sizes&quot;:[]},&quot;_transform_scale_effect_mobile&quot;:{&quot;unit&quot;:&quot;px&quot;,&quot;size&quot;:&quot;&quot;,&quot;sizes&quot;:[]}}\" data-widget_type=\"image.default\">\n\t\t\t\t<div class=\"elementor-widget-container\">\n\t\t\t\t\t\t\t\t\t\t\t\t\t\t\t<img fetchpriority=\"high\" decoding=\"async\" width=\"525\" height=\"394\" src=\"https:\/\/www.fundacion-profin.org\/wp-content\/uploads\/2024\/07\/INICIATIVA-MI-NEGOCIO-ES-DIGITAL.jpg\" class=\"attachment-large size-large wp-image-2587\" alt=\"\" \/>\t\t\t\t\t\t\t\t\t\t\t\t\t\t\t<\/div>\n\t\t\t\t<\/div>\n\t\t\t\t\t<\/div>\n\t\t<\/div>\n\t\t\t\t<div class=\"elementor-column elementor-col-50 elementor-top-column elementor-element elementor-element-7b1a487\" data-id=\"7b1a487\" data-element_type=\"column\">\n\t\t\t<div class=\"elementor-widget-wrap elementor-element-populated\">\n\t\t\t\t\t\t<div class=\"elementor-element elementor-element-c051705 elementor-widget elementor-widget-text-editor\" data-id=\"c051705\" data-element_type=\"widget\" data-widget_type=\"text-editor.default\">\n\t\t\t\t<div class=\"elementor-widget-container\">\n\t\t\t\t\t\t\t\t\t<p>Within the Agreement with the Bolivian Institute of Forest Research and Tropenbos, four savings and credit groups related to three Community Forest Organizations in the Guarayos region are being piloted, complemented by five financial education modules through tables with the EDUFINA Program, in order to contribute to strengthening the financial management capacities of indigenous, native and\/or peasant communities living in the region.<\/p>\t\t\t\t\t\t\t\t<\/div>\n\t\t\t\t<\/div>\n\t\t\t\t\t<\/div>\n\t\t<\/div>\n\t\t\t\t\t<\/div>\n\t\t<\/section>\n\t\t\t\t<section class=\"elementor-section elementor-top-section elementor-element elementor-element-3bf10d9 elementor-section-boxed elementor-section-height-default elementor-section-height-default\" data-id=\"3bf10d9\" data-element_type=\"section\" data-settings=\"{&quot;background_background&quot;:&quot;classic&quot;}\">\n\t\t\t\t\t\t<div class=\"elementor-container elementor-column-gap-no\">\n\t\t\t\t\t<div class=\"elementor-column elementor-col-100 elementor-top-column elementor-element elementor-element-8e08dbb\" data-id=\"8e08dbb\" data-element_type=\"column\">\n\t\t\t<div class=\"elementor-widget-wrap elementor-element-populated\">\n\t\t\t\t\t\t<div class=\"elementor-element elementor-element-59f5aa9 elementor-widget elementor-widget-text-editor\" data-id=\"59f5aa9\" data-element_type=\"widget\" data-widget_type=\"text-editor.default\">\n\t\t\t\t<div class=\"elementor-widget-container\">\n\t\t\t\t\t\t\t\t\t<p><b>\u00bfWhat are savings and credit groups?<\/b><br \/>Groups of 10-20 people who meet voluntarily to save and obtain loans from their savings.<\/p><p><b>\u00bfWho can participate?<br \/><\/b>People associated or grouped by a common interest.<\/p><p><b>\u00bfWhat can be financed in a savings and credit group?<\/b><br \/>The credits can be used for any need or emergency, such as: investing in your business, your children&#8217;s education, improving your home, among others.<\/p><p><b>\u00bfHow long does a savings and credit cycle last?<\/b><br \/>The savings and credit cycle can last between 8 to 12 months, with monthly meetings.<\/p>\t\t\t\t\t\t\t\t<\/div>\n\t\t\t\t<\/div>\n\t\t\t\t\t<\/div>\n\t\t<\/div>\n\t\t\t\t\t<\/div>\n\t\t<\/section>\n\t\t\t\t<\/div>","protected":false},"excerpt":{"rendered":"<p>Es un Programa de Alfabetizaci\u00f3n Digital y Empoderamiento Econ\u00f3mico de Mujeres que se implementa a trav\u00e9s de la plataforma elearning de aprendizaje. Within the Agreement with the Bolivian Institute of [&hellip;]<\/p>","protected":false},"author":1,"featured_media":0,"parent":0,"menu_order":0,"comment_status":"closed","ping_status":"closed","template":"tpl-default-elementor.php","meta":{"footnotes":""},"class_list":["post-4369","page","type-page","status-publish","hentry"],"rttpg_featured_image_url":null,"rttpg_author":{"display_name":"admin","author_link":"https:\/\/www.fundacion-profin.org\/en\/author\/admin\/"},"rttpg_comment":0,"rttpg_category":" <a href=\"https:\/\/www.fundacion-profin.org\/en\/\" rel=\"tag\">English<\/a>","rttpg_excerpt":"Es un Programa de Alfabetizaci\u00f3n Digital y Empoderamiento Econ\u00f3mico de Mujeres que se implementa a trav\u00e9s de la plataforma elearning de aprendizaje. Within the Agreement with the Bolivian Institute of [&hellip;]","_links":{"self":[{"href":"https:\/\/www.fundacion-profin.org\/en\/wp-json\/wp\/v2\/pages\/4369","targetHints":{"allow":["GET"]}}],"collection":[{"href":"https:\/\/www.fundacion-profin.org\/en\/wp-json\/wp\/v2\/pages"}],"about":[{"href":"https:\/\/www.fundacion-profin.org\/en\/wp-json\/wp\/v2\/types\/page"}],"author":[{"embeddable":true,"href":"https:\/\/www.fundacion-profin.org\/en\/wp-json\/wp\/v2\/users\/1"}],"replies":[{"embeddable":true,"href":"https:\/\/www.fundacion-profin.org\/en\/wp-json\/wp\/v2\/comments?post=4369"}],"version-history":[{"count":4,"href":"https:\/\/www.fundacion-profin.org\/en\/wp-json\/wp\/v2\/pages\/4369\/revisions"}],"predecessor-version":[{"id":4373,"href":"https:\/\/www.fundacion-profin.org\/en\/wp-json\/wp\/v2\/pages\/4369\/revisions\/4373"}],"wp:attachment":[{"href":"https:\/\/www.fundacion-profin.org\/en\/wp-json\/wp\/v2\/media?parent=4369"}],"curies":[{"name":"wp","href":"https:\/\/api.w.org\/{rel}","templated":true}]}}

<div data-elementor-type="wp-page" data-elementor-id="4369" class="elementor elementor-4369">
						<section class="elementor-section elementor-top-section elementor-element elementor-element-d792fcd elementor-section-boxed elementor-section-height-default elementor-section-height-default" data-id="d792fcd" data-element_type="section">
						<div class="elementor-container elementor-column-gap-no">
					<div class="elementor-column elementor-col-100 elementor-top-column elementor-element elementor-element-0135cc8" data-id="0135cc8" data-element_type="column">
			<div class="elementor-widget-wrap elementor-element-populated">
						<div class="elementor-section elementor-inner-section elementor-element elementor-element-c137562 elementor-section-boxed elementor-section-height-default elementor-section-height-default" data-id="c137562" data-element_type="section">
						<div class="elementor-container elementor-column-gap-no">
					<div class="elementor-column elementor-col-100 elementor-inner-column elementor-element elementor-element-fbfa436" data-id="fbfa436" data-element_type="column">
			<div class="elementor-widget-wrap elementor-element-populated">
						<div class="elementor-element elementor-element-1c97267 elementor-widget elementor-widget-text-editor" data-id="1c97267" data-element_type="widget" data-widget_type="text-editor.default">
				<div class="elementor-widget-container">
									Es un Programa de Alfabetización Digital y  Empoderamiento Económico de Mujeres que se implementa a través de la plataforma elearning de aprendizaje.								</div>
				</div>
					</div>
		</div>
					</div>
		</div>
					</div>
		</div>
					</div>
		</section>
				<section class="elementor-section elementor-top-section elementor-element elementor-element-f1c3417 elementor-section-boxed elementor-section-height-default elementor-section-height-default" data-id="f1c3417" data-element_type="section" data-settings="{&quot;background_background&quot;:&quot;classic&quot;}">
						<div class="elementor-container elementor-column-gap-no">
					<div class="elementor-column elementor-col-50 elementor-top-column elementor-element elementor-element-b0e3c09" data-id="b0e3c09" data-element_type="column">
			<div class="elementor-widget-wrap elementor-element-populated">
						<div class="elementor-element elementor-element-64c5b8b elementor-widget__width-auto elementor-widget-tablet__width-initial e-transform elementor-widget elementor-widget-image" data-id="64c5b8b" data-element_type="widget" data-settings="{&quot;_transform_scale_effect&quot;:{&quot;unit&quot;:&quot;px&quot;,&quot;size&quot;:&quot;&quot;,&quot;sizes&quot;:[]},&quot;_transform_scale_effect_tablet&quot;:{&quot;unit&quot;:&quot;px&quot;,&quot;size&quot;:&quot;&quot;,&quot;sizes&quot;:[]},&quot;_transform_scale_effect_mobile&quot;:{&quot;unit&quot;:&quot;px&quot;,&quot;size&quot;:&quot;&quot;,&quot;sizes&quot;:[]}}" data-widget_type="image.default">
				<div class="elementor-widget-container">
															<img fetchpriority="high" decoding="async" width="525" height="394" src="https://www.fundacion-profin.org/wp-content/uploads/2024/07/INICIATIVA-MI-NEGOCIO-ES-DIGITAL.jpg" class="attachment-large size-large wp-image-2587" alt="" />															</div>
				</div>
					</div>
		</div>
				<div class="elementor-column elementor-col-50 elementor-top-column elementor-element elementor-element-7b1a487" data-id="7b1a487" data-element_type="column">
			<div class="elementor-widget-wrap elementor-element-populated">
						<div class="elementor-element elementor-element-c051705 elementor-widget elementor-widget-text-editor" data-id="c051705" data-element_type="widget" data-widget_type="text-editor.default">
				<div class="elementor-widget-container">
									<p>Within the Agreement with the Bolivian Institute of Forest Research and Tropenbos, four savings and credit groups related to three Community Forest Organizations in the Guarayos region are being piloted, complemented by five financial education modules through tables with the EDUFINA Program, in order to contribute to strengthening the financial management capacities of indigenous, native and/or peasant communities living in the region.</p>								</div>
				</div>
					</div>
		</div>
					</div>
		</section>
				<section class="elementor-section elementor-top-section elementor-element elementor-element-3bf10d9 elementor-section-boxed elementor-section-height-default elementor-section-height-default" data-id="3bf10d9" data-element_type="section" data-settings="{&quot;background_background&quot;:&quot;classic&quot;}">
						<div class="elementor-container elementor-column-gap-no">
					<div class="elementor-column elementor-col-100 elementor-top-column elementor-element elementor-element-8e08dbb" data-id="8e08dbb" data-element_type="column">
			<div class="elementor-widget-wrap elementor-element-populated">
						<div class="elementor-element elementor-element-59f5aa9 elementor-widget elementor-widget-text-editor" data-id="59f5aa9" data-element_type="widget" data-widget_type="text-editor.default">
				<div class="elementor-widget-container">
									<p><b>¿What are savings and credit groups?</b><br />Groups of 10-20 people who meet voluntarily to save and obtain loans from their savings.</p><p><b>¿Who can participate?<br /></b>People associated or grouped by a common interest.</p><p><b>¿What can be financed in a savings and credit group?</b><br />The credits can be used for any need or emergency, such as: investing in your business, your children&#8217;s education, improving your home, among others.</p><p><b>¿How long does a savings and credit cycle last?</b><br />The savings and credit cycle can last between 8 to 12 months, with monthly meetings.</p>								</div>
				</div>
					</div>
		</div>
					</div>
		</section>
				</div>

<p>Es un Programa de Alfabetización Digital y Empoderamiento Económico de Mujeres que se implementa a través de la plataforma elearning de aprendizaje. Within the Agreement with the Bolivian Institute of [&hellip;]</p>

Es un Programa de Alfabetización Digital y Empoderamiento Económico de Mujeres que se implementa a través de la plataforma elearning de aprendizaje. Within the Agreement with the Bolivian Institute of [&hellip;]
